{"version":"1.0","provider_name":"Asitec","provider_url":"https:\/\/www.asitec-sl.com\/en","title":"Primera fase del proyecto de concentraci\u00f3n de vertidos de la aglomeraci\u00f3n urbana sur a la EDAR SUR de Granada - Asitec","type":"rich","width":600,"height":338,"html":"<blockquote class=\"wp-embedded-content\" data-secret=\"rckrsp8miJ\"><a href=\"https:\/\/www.asitec-sl.com\/en\/concentracion-vertidos-edar-sur-granada\/\">Primera fase del proyecto de concentraci\u00f3n de vertidos de la aglomeraci\u00f3n urbana sur a la EDAR SUR de Granada<\/a><\/blockquote><iframe sandbox=\"allow-scripts\" security=\"restricted\" src=\"https:\/\/www.asitec-sl.com\/en\/concentracion-vertidos-edar-sur-granada\/embed\/#?secret=rckrsp8miJ\" width=\"600\" height=\"338\" title=\"&#8220;Primera fase del proyecto de concentraci\u00f3n de vertidos de la aglomeraci\u00f3n urbana sur a la EDAR SUR de Granada&#8221; &#8212; Asitec\" data-secret=\"rckrsp8miJ\" frameborder=\"0\" marginwidth=\"0\" marginheight=\"0\" scrolling=\"no\" class=\"wp-embedded-content\"><\/iframe><script type=\"text\/javascript\">\n\/* <![CDATA[ *\/\n\/*! This file is auto-generated *\/\n!function(d,l){\"use strict\";l.querySelector&&d.addEventListener&&\"undefined\"!=typeof URL&&(d.wp=d.wp||{},d.wp.receiveEmbedMessage||(d.wp.receiveEmbedMessage=function(e){var t=e.data;if((t||t.secret||t.message||t.value)&&!\/[^a-zA-Z0-9]\/.test(t.secret)){for(var s,r,n,a=l.querySelectorAll('iframe[data-secret=\"'+t.secret+'\"]'),o=l.querySelectorAll('blockquote[data-secret=\"'+t.secret+'\"]'),c=new RegExp(\"^https?:$\",\"i\"),i=0;i<o.length;i++)o[i].style.display=\"none\";for(i=0;i<a.length;i++)s=a[i],e.source===s.contentWindow&&(s.removeAttribute(\"style\"),\"height\"===t.message?(1e3<(r=parseInt(t.value,10))?r=1e3:~~r<200&&(r=200),s.height=r):\"link\"===t.message&&(r=new URL(s.getAttribute(\"src\")),n=new URL(t.value),c.test(n.protocol))&&n.host===r.host&&l.activeElement===s&&(d.top.location.href=t.value))}},d.addEventListener(\"message\",d.wp.receiveEmbedMessage,!1),l.addEventListener(\"DOMContentLoaded\",function(){for(var e,t,s=l.querySelectorAll(\"iframe.wp-embedded-content\"),r=0;r<s.length;r++)(t=(e=s[r]).getAttribute(\"data-secret\"))||(t=Math.random().toString(36).substring(2,12),e.src+=\"#?secret=\"+t,e.setAttribute(\"data-secret\",t)),e.contentWindow.postMessage({message:\"ready\",secret:t},\"*\")},!1)))}(window,document);\n\/* ]]> *\/\n<\/script>","thumbnail_url":"https:\/\/www.asitec-sl.com\/wp-content\/uploads\/2018\/06\/008-e1529009410395.jpg","thumbnail_width":834,"thumbnail_height":673,"description":"Proyecto de nuevos colectores para la eliminaci\u00f3n de los puntos de vertido de la agrupaci\u00f3n Sur de la vega de Granada hasta el emplazamiento de la EDAR. Recoge los puntos de vertido de los t\u00e9rminos municipales de La Zubia, Og\u00edjares,"}

Primera fase del proyecto de concentración de vertidos de la aglomeración urbana sur a la EDAR SUR de Granada - Asitec

<blockquote class="wp-embedded-content" data-secret="rckrsp8miJ"><a href="https://www.asitec-sl.com/en/concentracion-vertidos-edar-sur-granada/">Primera fase del proyecto de concentración de vertidos de la aglomeración urbana sur a la EDAR SUR de Granada</a></blockquote><iframe sandbox="allow-scripts" security="restricted" src="https://www.asitec-sl.com/en/concentracion-vertidos-edar-sur-granada/embed/#?secret=rckrsp8miJ" width="600" height="338" title="&#8220;Primera fase del proyecto de concentración de vertidos de la aglomeración urbana sur a la EDAR SUR de Granada&#8221; &#8212; Asitec" data-secret="rckrsp8miJ" frameborder="0" marginwidth="0" marginheight="0" scrolling="no" class="wp-embedded-content"></iframe><script type="text/javascript">
/* <![CDATA[ */
/*! This file is auto-generated */
!function(d,l){"use strict";l.querySelector&&d.addEventListener&&"undefined"!=typeof URL&&(d.wp=d.wp||{},d.wp.receiveEmbedMessage||(d.wp.receiveEmbedMessage=function(e){var t=e.data;if((t||t.secret||t.message||t.value)&&!/[^a-zA-Z0-9]/.test(t.secret)){for(var s,r,n,a=l.querySelectorAll('iframe[data-secret="'+t.secret+'"]'),o=l.querySelectorAll('blockquote[data-secret="'+t.secret+'"]'),c=new RegExp("^https?:$","i"),i=0;i<o.length;i++)o[i].style.display="none";for(i=0;i<a.length;i++)s=a[i],e.source===s.contentWindow&&(s.removeAttribute("style"),"height"===t.message?(1e3<(r=parseInt(t.value,10))?r=1e3:~~r<200&&(r=200),s.height=r):"link"===t.message&&(r=new URL(s.getAttribute("src")),n=new URL(t.value),c.test(n.protocol))&&n.host===r.host&&l.activeElement===s&&(d.top.location.href=t.value))}},d.addEventListener("message",d.wp.receiveEmbedMessage,!1),l.addEventListener("DOMContentLoaded",function(){for(var e,t,s=l.querySelectorAll("iframe.wp-embedded-content"),r=0;r<s.length;r++)(t=(e=s[r]).getAttribute("data-secret"))||(t=Math.random().toString(36).substring(2,12),e.src+="#?secret="+t,e.setAttribute("data-secret",t)),e.contentWindow.postMessage({message:"ready",secret:t},"*")},!1)))}(window,document);
/* ]]> */
</script>

Proyecto de nuevos colectores para la eliminación de los puntos de vertido de la agrupación Sur de la vega de Granada hasta el emplazamiento de la EDAR. Recoge los puntos de vertido de los términos municipales de La Zubia, Ogíjares,
